{"id":54,"date":"2023-10-10T21:27:04","date_gmt":"2023-10-10T19:27:04","guid":{"rendered":"https:\/\/laturo.at\/personalservice\/?page_id=54"},"modified":"2025-06-05T13:38:24","modified_gmt":"2025-06-05T11:38:24","slug":"ueber-uns","status":"publish","type":"page","link":"https:\/\/laturo.at\/personalservice\/ueber-uns\/","title":{"rendered":"\u00dcber uns"},"content":{"rendered":"\n<p>Die Zeitarbeit ist die Kunst das richtige Personal zum richtigen Zeitpunkt <br>zum richtigen Unternehmen zu vermitteln.<\/p>\n\n\n\n<p>\u201eBei der Zeitarbeit (Arbeitskr\u00e4fte\u00fcberlassung) stehen Menschen im Fokus, die einen sehr wichtigen Teil des Arbeitsmarktes abdecken. Der Begriff Zeitarbeit bezeichnet ein Dienstverh\u00e4ltnis zwischen zwei Unternehmen und einem\/einer Arbeitnehmer:in. Dabei vereinbaren Zeitarbeitnehmer:innen mit der Personalvermittlungsfirma bzw. dem Personaldienstleister einen Dienstvertrag, arbeiten jedoch in einem anderen Unternehmen, in dem die Arbeitskraft ben\u00f6tigt wird.\u201c<\/p>\n\n\n\n<p><em>Verband der \u00f6sterreichischen Personaldienstleister<\/em><\/p>\n\n\n\n<p><\/p>\n","protected":false},"excerpt":{"rendered":"<p>Die Zeitarbeit ist die Kunst das richtige Personal zum richtigen Zeitpunkt zum richtigen Unternehmen zu vermitteln. \u201eBei der Zeitarbeit (Arbeitskr\u00e4fte\u00fcberlassung) stehen Menschen im Fokus, die einen sehr wichtigen Teil des Arbeitsmarktes abdecken. Der Begriff Zeitarbeit bezeichnet ein Dienstverh\u00e4ltnis zwischen zwei Unternehmen und einem\/einer Arbeitnehmer:in. Dabei vereinbaren Zeitarbeitnehmer:innen mit der Personalvermittlungsfirma bzw. dem Personaldienstleister einen Dienstvertrag, [&hellip;]<\/p>\n","protected":false},"author":1,"featured_media":268,"parent":0,"menu_order":0,"comment_status":"closed","ping_status":"closed","template":"about.php","meta":{"_acf_changed":false,"footnotes":""},"class_list":["post-54","page","type-page","status-publish","has-post-thumbnail","hentry"],"acf":[],"yoast_head":"<!-- This site is optimized with the Yoast SEO plugin v27.5 - https:\/\/yoast.com\/product\/yoast-seo-wordpress\/ -->\n<title>\u00dcber uns - Laturo Personalservice<\/title>\n<meta name=\"robots\" content=\"index, follow, max-snippet:-1, max-image-preview:large, max-video-preview:-1\" \/>\n<link rel=\"canonical\" href=\"https:\/\/laturo.at\/personalservice\/ueber-uns\/\" \/>\n<meta property=\"og:locale\" content=\"de_DE\" \/>\n<meta property=\"og:type\" content=\"article\" \/>\n<meta property=\"og:title\" content=\"\u00dcber uns - Laturo Personalservice\" \/>\n<meta property=\"og:description\" content=\"Die Zeitarbeit ist die Kunst das richtige Personal zum richtigen Zeitpunkt zum richtigen Unternehmen zu vermitteln. \u201eBei der Zeitarbeit (Arbeitskr\u00e4fte\u00fcberlassung) stehen Menschen im Fokus, die einen sehr wichtigen Teil des Arbeitsmarktes abdecken. Der Begriff Zeitarbeit bezeichnet ein Dienstverh\u00e4ltnis zwischen zwei Unternehmen und einem\/einer Arbeitnehmer:in. Dabei vereinbaren Zeitarbeitnehmer:innen mit der Personalvermittlungsfirma bzw. dem Personaldienstleister einen Dienstvertrag, [&hellip;]\" \/>\n<meta property=\"og:url\" content=\"https:\/\/laturo.at\/personalservice\/ueber-uns\/\" \/>\n<meta property=\"og:site_name\" content=\"Laturo Personalservice\" \/>\n<meta property=\"article:modified_time\" content=\"2025-06-05T11:38:24+00:00\" \/>\n<meta property=\"og:image\" content=\"https:\/\/laturo.at\/personalservice\/wp-content\/uploads\/sites\/2\/2025\/06\/Design-ohne-Titel1.png\" \/>\n\t<meta property=\"og:image:width\" content=\"1280\" \/>\n\t<meta property=\"og:image:height\" content=\"595\" \/>\n\t<meta property=\"og:image:type\" content=\"image\/png\" \/>\n<meta name=\"twitter:card\" content=\"summary_large_image\" \/>\n<meta name=\"twitter:label1\" content=\"Gesch\u00e4tzte Lesezeit\" \/>\n\t<meta name=\"twitter:data1\" content=\"1\u00a0Minute\" \/>\n<script type=\"application\/ld+json\" class=\"yoast-schema-graph\">{\"@context\":\"https:\\\/\\\/schema.org\",\"@graph\":[{\"@type\":\"WebPage\",\"@id\":\"https:\\\/\\\/laturo.at\\\/personalservice\\\/ueber-uns\\\/\",\"url\":\"https:\\\/\\\/laturo.at\\\/personalservice\\\/ueber-uns\\\/\",\"name\":\"\u00dcber uns - Laturo Personalservice\",\"isPartOf\":{\"@id\":\"https:\\\/\\\/laturo.at\\\/personalservice\\\/#website\"},\"primaryImageOfPage\":{\"@id\":\"https:\\\/\\\/laturo.at\\\/personalservice\\\/ueber-uns\\\/#primaryimage\"},\"image\":{\"@id\":\"https:\\\/\\\/laturo.at\\\/personalservice\\\/ueber-uns\\\/#primaryimage\"},\"thumbnailUrl\":\"https:\\\/\\\/laturo.at\\\/personalservice\\\/wp-content\\\/uploads\\\/sites\\\/2\\\/2025\\\/06\\\/Design-ohne-Titel1.png\",\"datePublished\":\"2023-10-10T19:27:04+00:00\",\"dateModified\":\"2025-06-05T11:38:24+00:00\",\"breadcrumb\":{\"@id\":\"https:\\\/\\\/laturo.at\\\/personalservice\\\/ueber-uns\\\/#breadcrumb\"},\"inLanguage\":\"de\",\"potentialAction\":[{\"@type\":\"ReadAction\",\"target\":[\"https:\\\/\\\/laturo.at\\\/personalservice\\\/ueber-uns\\\/\"]}]},{\"@type\":\"ImageObject\",\"inLanguage\":\"de\",\"@id\":\"https:\\\/\\\/laturo.at\\\/personalservice\\\/ueber-uns\\\/#primaryimage\",\"url\":\"https:\\\/\\\/laturo.at\\\/personalservice\\\/wp-content\\\/uploads\\\/sites\\\/2\\\/2025\\\/06\\\/Design-ohne-Titel1.png\",\"contentUrl\":\"https:\\\/\\\/laturo.at\\\/personalservice\\\/wp-content\\\/uploads\\\/sites\\\/2\\\/2025\\\/06\\\/Design-ohne-Titel1.png\",\"width\":1280,\"height\":595,\"caption\":\"Gr\u00fcner springender Delfin \u00fcber gr\u00fcner Linie, darunter grau der Schriftzug LATURO Personalservice.\"},{\"@type\":\"BreadcrumbList\",\"@id\":\"https:\\\/\\\/laturo.at\\\/personalservice\\\/ueber-uns\\\/#breadcrumb\",\"itemListElement\":[{\"@type\":\"ListItem\",\"position\":1,\"name\":\"Home\",\"item\":\"https:\\\/\\\/laturo.at\\\/personalservice\\\/\"},{\"@type\":\"ListItem\",\"position\":2,\"name\":\"\u00dcber uns\"}]},{\"@type\":\"WebSite\",\"@id\":\"https:\\\/\\\/laturo.at\\\/personalservice\\\/#website\",\"url\":\"https:\\\/\\\/laturo.at\\\/personalservice\\\/\",\"name\":\"Laturo Personalservice\",\"description\":\"\",\"potentialAction\":[{\"@type\":\"SearchAction\",\"target\":{\"@type\":\"EntryPoint\",\"urlTemplate\":\"https:\\\/\\\/laturo.at\\\/personalservice\\\/?s={search_term_string}\"},\"query-input\":{\"@type\":\"PropertyValueSpecification\",\"valueRequired\":true,\"valueName\":\"search_term_string\"}}],\"inLanguage\":\"de\"}]}<\/script>\n<!-- \/ Yoast SEO plugin. -->","yoast_head_json":{"title":"\u00dcber uns - Laturo Personalservice","robots":{"index":"index","follow":"follow","max-snippet":"max-snippet:-1","max-image-preview":"max-image-preview:large","max-video-preview":"max-video-preview:-1"},"canonical":"https:\/\/laturo.at\/personalservice\/ueber-uns\/","og_locale":"de_DE","og_type":"article","og_title":"\u00dcber uns - Laturo Personalservice","og_description":"Die Zeitarbeit ist die Kunst das richtige Personal zum richtigen Zeitpunkt zum richtigen Unternehmen zu vermitteln. \u201eBei der Zeitarbeit (Arbeitskr\u00e4fte\u00fcberlassung) stehen Menschen im Fokus, die einen sehr wichtigen Teil des Arbeitsmarktes abdecken. Der Begriff Zeitarbeit bezeichnet ein Dienstverh\u00e4ltnis zwischen zwei Unternehmen und einem\/einer Arbeitnehmer:in. Dabei vereinbaren Zeitarbeitnehmer:innen mit der Personalvermittlungsfirma bzw. dem Personaldienstleister einen Dienstvertrag, [&hellip;]","og_url":"https:\/\/laturo.at\/personalservice\/ueber-uns\/","og_site_name":"Laturo Personalservice","article_modified_time":"2025-06-05T11:38:24+00:00","og_image":[{"width":1280,"height":595,"url":"https:\/\/laturo.at\/personalservice\/wp-content\/uploads\/sites\/2\/2025\/06\/Design-ohne-Titel1.png","type":"image\/png"}],"twitter_card":"summary_large_image","twitter_misc":{"Gesch\u00e4tzte Lesezeit":"1\u00a0Minute"},"schema":{"@context":"https:\/\/schema.org","@graph":[{"@type":"WebPage","@id":"https:\/\/laturo.at\/personalservice\/ueber-uns\/","url":"https:\/\/laturo.at\/personalservice\/ueber-uns\/","name":"\u00dcber uns - Laturo Personalservice","isPartOf":{"@id":"https:\/\/laturo.at\/personalservice\/#website"},"primaryImageOfPage":{"@id":"https:\/\/laturo.at\/personalservice\/ueber-uns\/#primaryimage"},"image":{"@id":"https:\/\/laturo.at\/personalservice\/ueber-uns\/#primaryimage"},"thumbnailUrl":"https:\/\/laturo.at\/personalservice\/wp-content\/uploads\/sites\/2\/2025\/06\/Design-ohne-Titel1.png","datePublished":"2023-10-10T19:27:04+00:00","dateModified":"2025-06-05T11:38:24+00:00","breadcrumb":{"@id":"https:\/\/laturo.at\/personalservice\/ueber-uns\/#breadcrumb"},"inLanguage":"de","potentialAction":[{"@type":"ReadAction","target":["https:\/\/laturo.at\/personalservice\/ueber-uns\/"]}]},{"@type":"ImageObject","inLanguage":"de","@id":"https:\/\/laturo.at\/personalservice\/ueber-uns\/#primaryimage","url":"https:\/\/laturo.at\/personalservice\/wp-content\/uploads\/sites\/2\/2025\/06\/Design-ohne-Titel1.png","contentUrl":"https:\/\/laturo.at\/personalservice\/wp-content\/uploads\/sites\/2\/2025\/06\/Design-ohne-Titel1.png","width":1280,"height":595,"caption":"Gr\u00fcner springender Delfin \u00fcber gr\u00fcner Linie, darunter grau der Schriftzug LATURO Personalservice."},{"@type":"BreadcrumbList","@id":"https:\/\/laturo.at\/personalservice\/ueber-uns\/#breadcrumb","itemListElement":[{"@type":"ListItem","position":1,"name":"Home","item":"https:\/\/laturo.at\/personalservice\/"},{"@type":"ListItem","position":2,"name":"\u00dcber uns"}]},{"@type":"WebSite","@id":"https:\/\/laturo.at\/personalservice\/#website","url":"https:\/\/laturo.at\/personalservice\/","name":"Laturo Personalservice","description":"","potentialAction":[{"@type":"SearchAction","target":{"@type":"EntryPoint","urlTemplate":"https:\/\/laturo.at\/personalservice\/?s={search_term_string}"},"query-input":{"@type":"PropertyValueSpecification","valueRequired":true,"valueName":"search_term_string"}}],"inLanguage":"de"}]}},"_links":{"self":[{"href":"https:\/\/laturo.at\/personalservice\/wp-json\/wp\/v2\/pages\/54","targetHints":{"allow":["GET"]}}],"collection":[{"href":"https:\/\/laturo.at\/personalservice\/wp-json\/wp\/v2\/pages"}],"about":[{"href":"https:\/\/laturo.at\/personalservice\/wp-json\/wp\/v2\/types\/page"}],"author":[{"embeddable":true,"href":"https:\/\/laturo.at\/personalservice\/wp-json\/wp\/v2\/users\/1"}],"replies":[{"embeddable":true,"href":"https:\/\/laturo.at\/personalservice\/wp-json\/wp\/v2\/comments?post=54"}],"version-history":[{"count":10,"href":"https:\/\/laturo.at\/personalservice\/wp-json\/wp\/v2\/pages\/54\/revisions"}],"predecessor-version":[{"id":223,"href":"https:\/\/laturo.at\/personalservice\/wp-json\/wp\/v2\/pages\/54\/revisions\/223"}],"wp:featuredmedia":[{"embeddable":true,"href":"https:\/\/laturo.at\/personalservice\/wp-json\/wp\/v2\/media\/268"}],"wp:attachment":[{"href":"https:\/\/laturo.at\/personalservice\/wp-json\/wp\/v2\/media?parent=54"}],"curies":[{"name":"wp","href":"https:\/\/api.w.org\/{rel}","templated":true}]}}