{"id":6,"date":"2023-08-28T09:25:45","date_gmt":"2023-08-28T07:25:45","guid":{"rendered":"https:\/\/laturo.at\/personalservice\/?page_id=6"},"modified":"2023-12-21T23:07:22","modified_gmt":"2023-12-21T22:07:22","slug":"kontakt","status":"publish","type":"page","link":"https:\/\/laturo.at\/personalservice\/kontakt\/","title":{"rendered":"Kontakt"},"content":{"rendered":"","protected":false},"excerpt":{"rendered":"","protected":false},"author":1,"featured_media":210,"parent":0,"menu_order":0,"comment_status":"closed","ping_status":"closed","template":"kontakt.php","meta":{"_acf_changed":false,"footnotes":""},"class_list":["post-6","page","type-page","status-publish","has-post-thumbnail","hentry"],"acf":[],"yoast_head":"<!-- This site is optimized with the Yoast SEO plugin v27.5 - https:\/\/yoast.com\/product\/yoast-seo-wordpress\/ -->\n<title>Kontakt - Laturo Personalservice<\/title>\n<meta name=\"robots\" content=\"index, follow, max-snippet:-1, max-image-preview:large, max-video-preview:-1\" \/>\n<link rel=\"canonical\" href=\"https:\/\/laturo.at\/personalservice\/kontakt\/\" \/>\n<meta property=\"og:locale\" content=\"de_DE\" \/>\n<meta property=\"og:type\" content=\"article\" \/>\n<meta property=\"og:title\" content=\"Kontakt - Laturo Personalservice\" \/>\n<meta property=\"og:url\" content=\"https:\/\/laturo.at\/personalservice\/kontakt\/\" \/>\n<meta property=\"og:site_name\" content=\"Laturo Personalservice\" \/>\n<meta property=\"article:modified_time\" content=\"2023-12-21T22:07:22+00:00\" \/>\n<meta property=\"og:image\" content=\"https:\/\/laturo.at\/personalservice\/wp-content\/uploads\/sites\/2\/2023\/12\/laturo_office_braunau_e3.jpg\" \/>\n\t<meta property=\"og:image:width\" content=\"1656\" \/>\n\t<meta property=\"og:image:height\" content=\"758\" \/>\n\t<meta property=\"og:image:type\" content=\"image\/jpeg\" \/>\n<meta name=\"twitter:card\" content=\"summary_large_image\" \/>\n<script type=\"application\/ld+json\" class=\"yoast-schema-graph\">{\"@context\":\"https:\\\/\\\/schema.org\",\"@graph\":[{\"@type\":\"WebPage\",\"@id\":\"https:\\\/\\\/laturo.at\\\/personalservice\\\/kontakt\\\/\",\"url\":\"https:\\\/\\\/laturo.at\\\/personalservice\\\/kontakt\\\/\",\"name\":\"Kontakt - Laturo Personalservice\",\"isPartOf\":{\"@id\":\"https:\\\/\\\/laturo.at\\\/personalservice\\\/#website\"},\"primaryImageOfPage\":{\"@id\":\"https:\\\/\\\/laturo.at\\\/personalservice\\\/kontakt\\\/#primaryimage\"},\"image\":{\"@id\":\"https:\\\/\\\/laturo.at\\\/personalservice\\\/kontakt\\\/#primaryimage\"},\"thumbnailUrl\":\"https:\\\/\\\/laturo.at\\\/personalservice\\\/wp-content\\\/uploads\\\/sites\\\/2\\\/2023\\\/12\\\/laturo_office_braunau_e3.jpg\",\"datePublished\":\"2023-08-28T07:25:45+00:00\",\"dateModified\":\"2023-12-21T22:07:22+00:00\",\"breadcrumb\":{\"@id\":\"https:\\\/\\\/laturo.at\\\/personalservice\\\/kontakt\\\/#breadcrumb\"},\"inLanguage\":\"de\",\"potentialAction\":[{\"@type\":\"ReadAction\",\"target\":[\"https:\\\/\\\/laturo.at\\\/personalservice\\\/kontakt\\\/\"]}]},{\"@type\":\"ImageObject\",\"inLanguage\":\"de\",\"@id\":\"https:\\\/\\\/laturo.at\\\/personalservice\\\/kontakt\\\/#primaryimage\",\"url\":\"https:\\\/\\\/laturo.at\\\/personalservice\\\/wp-content\\\/uploads\\\/sites\\\/2\\\/2023\\\/12\\\/laturo_office_braunau_e3.jpg\",\"contentUrl\":\"https:\\\/\\\/laturo.at\\\/personalservice\\\/wp-content\\\/uploads\\\/sites\\\/2\\\/2023\\\/12\\\/laturo_office_braunau_e3.jpg\",\"width\":1656,\"height\":758,\"caption\":\"Modernes, helles Geb\u00e4ude mit gro\u00dfen Fenstern und dem Schriftzug \u201eRDB\u201c. Fu\u00dfg\u00e4nger an Ampel. Im Hintergrund weitere Geb\u00e4ude und eine Baustelle. Abendlicher Himmel.\"},{\"@type\":\"BreadcrumbList\",\"@id\":\"https:\\\/\\\/laturo.at\\\/personalservice\\\/kontakt\\\/#breadcrumb\",\"itemListElement\":[{\"@type\":\"ListItem\",\"position\":1,\"name\":\"Home\",\"item\":\"https:\\\/\\\/laturo.at\\\/personalservice\\\/\"},{\"@type\":\"ListItem\",\"position\":2,\"name\":\"Kontakt\"}]},{\"@type\":\"WebSite\",\"@id\":\"https:\\\/\\\/laturo.at\\\/personalservice\\\/#website\",\"url\":\"https:\\\/\\\/laturo.at\\\/personalservice\\\/\",\"name\":\"Laturo Personalservice\",\"description\":\"\",\"potentialAction\":[{\"@type\":\"SearchAction\",\"target\":{\"@type\":\"EntryPoint\",\"urlTemplate\":\"https:\\\/\\\/laturo.at\\\/personalservice\\\/?s={search_term_string}\"},\"query-input\":{\"@type\":\"PropertyValueSpecification\",\"valueRequired\":true,\"valueName\":\"search_term_string\"}}],\"inLanguage\":\"de\"}]}<\/script>\n<!-- \/ Yoast SEO plugin. -->","yoast_head_json":{"title":"Kontakt - Laturo Personalservice","robots":{"index":"index","follow":"follow","max-snippet":"max-snippet:-1","max-image-preview":"max-image-preview:large","max-video-preview":"max-video-preview:-1"},"canonical":"https:\/\/laturo.at\/personalservice\/kontakt\/","og_locale":"de_DE","og_type":"article","og_title":"Kontakt - Laturo Personalservice","og_url":"https:\/\/laturo.at\/personalservice\/kontakt\/","og_site_name":"Laturo Personalservice","article_modified_time":"2023-12-21T22:07:22+00:00","og_image":[{"width":1656,"height":758,"url":"https:\/\/laturo.at\/personalservice\/wp-content\/uploads\/sites\/2\/2023\/12\/laturo_office_braunau_e3.jpg","type":"image\/jpeg"}],"twitter_card":"summary_large_image","schema":{"@context":"https:\/\/schema.org","@graph":[{"@type":"WebPage","@id":"https:\/\/laturo.at\/personalservice\/kontakt\/","url":"https:\/\/laturo.at\/personalservice\/kontakt\/","name":"Kontakt - Laturo Personalservice","isPartOf":{"@id":"https:\/\/laturo.at\/personalservice\/#website"},"primaryImageOfPage":{"@id":"https:\/\/laturo.at\/personalservice\/kontakt\/#primaryimage"},"image":{"@id":"https:\/\/laturo.at\/personalservice\/kontakt\/#primaryimage"},"thumbnailUrl":"https:\/\/laturo.at\/personalservice\/wp-content\/uploads\/sites\/2\/2023\/12\/laturo_office_braunau_e3.jpg","datePublished":"2023-08-28T07:25:45+00:00","dateModified":"2023-12-21T22:07:22+00:00","breadcrumb":{"@id":"https:\/\/laturo.at\/personalservice\/kontakt\/#breadcrumb"},"inLanguage":"de","potentialAction":[{"@type":"ReadAction","target":["https:\/\/laturo.at\/personalservice\/kontakt\/"]}]},{"@type":"ImageObject","inLanguage":"de","@id":"https:\/\/laturo.at\/personalservice\/kontakt\/#primaryimage","url":"https:\/\/laturo.at\/personalservice\/wp-content\/uploads\/sites\/2\/2023\/12\/laturo_office_braunau_e3.jpg","contentUrl":"https:\/\/laturo.at\/personalservice\/wp-content\/uploads\/sites\/2\/2023\/12\/laturo_office_braunau_e3.jpg","width":1656,"height":758,"caption":"Modernes, helles Geb\u00e4ude mit gro\u00dfen Fenstern und dem Schriftzug \u201eRDB\u201c. Fu\u00dfg\u00e4nger an Ampel. Im Hintergrund weitere Geb\u00e4ude und eine Baustelle. Abendlicher Himmel."},{"@type":"BreadcrumbList","@id":"https:\/\/laturo.at\/personalservice\/kontakt\/#breadcrumb","itemListElement":[{"@type":"ListItem","position":1,"name":"Home","item":"https:\/\/laturo.at\/personalservice\/"},{"@type":"ListItem","position":2,"name":"Kontakt"}]},{"@type":"WebSite","@id":"https:\/\/laturo.at\/personalservice\/#website","url":"https:\/\/laturo.at\/personalservice\/","name":"Laturo Personalservice","description":"","potentialAction":[{"@type":"SearchAction","target":{"@type":"EntryPoint","urlTemplate":"https:\/\/laturo.at\/personalservice\/?s={search_term_string}"},"query-input":{"@type":"PropertyValueSpecification","valueRequired":true,"valueName":"search_term_string"}}],"inLanguage":"de"}]}},"_links":{"self":[{"href":"https:\/\/laturo.at\/personalservice\/wp-json\/wp\/v2\/pages\/6","targetHints":{"allow":["GET"]}}],"collection":[{"href":"https:\/\/laturo.at\/personalservice\/wp-json\/wp\/v2\/pages"}],"about":[{"href":"https:\/\/laturo.at\/personalservice\/wp-json\/wp\/v2\/types\/page"}],"author":[{"embeddable":true,"href":"https:\/\/laturo.at\/personalservice\/wp-json\/wp\/v2\/users\/1"}],"replies":[{"embeddable":true,"href":"https:\/\/laturo.at\/personalservice\/wp-json\/wp\/v2\/comments?post=6"}],"version-history":[{"count":1,"href":"https:\/\/laturo.at\/personalservice\/wp-json\/wp\/v2\/pages\/6\/revisions"}],"predecessor-version":[{"id":7,"href":"https:\/\/laturo.at\/personalservice\/wp-json\/wp\/v2\/pages\/6\/revisions\/7"}],"wp:featuredmedia":[{"embeddable":true,"href":"https:\/\/laturo.at\/personalservice\/wp-json\/wp\/v2\/media\/210"}],"wp:attachment":[{"href":"https:\/\/laturo.at\/personalservice\/wp-json\/wp\/v2\/media?parent=6"}],"curies":[{"name":"wp","href":"https:\/\/api.w.org\/{rel}","templated":true}]}}

<!-- This site is optimized with the Yoast SEO plugin v27.5 - https://yoast.com/product/yoast-seo-wordpress/ -->
<title>Kontakt - Laturo Personalservice</title>
<meta name="robots" content="index, follow, max-snippet:-1, max-image-preview:large, max-video-preview:-1" />
<link rel="canonical" href="https://laturo.at/personalservice/kontakt/" />
<meta property="og:locale" content="de_DE" />
<meta property="og:type" content="article" />
<meta property="og:title" content="Kontakt - Laturo Personalservice" />
<meta property="og:url" content="https://laturo.at/personalservice/kontakt/" />
<meta property="og:site_name" content="Laturo Personalservice" />
<meta property="article:modified_time" content="2023-12-21T22:07:22+00:00" />
<meta property="og:image" content="https://laturo.at/personalservice/wp-content/uploads/sites/2/2023/12/laturo_office_braunau_e3.jpg" />
	<meta property="og:image:width" content="1656" />
	<meta property="og:image:height" content="758" />
	<meta property="og:image:type" content="image/jpeg" />
<meta name="twitter:card" content="summary_large_image" />
<script type="application/ld+json" class="yoast-schema-graph">{"@context":"https:\/\/schema.org","@graph":[{"@type":"WebPage","@id":"https:\/\/laturo.at\/personalservice\/kontakt\/","url":"https:\/\/laturo.at\/personalservice\/kontakt\/","name":"Kontakt - Laturo Personalservice","isPartOf":{"@id":"https:\/\/laturo.at\/personalservice\/#website"},"primaryImageOfPage":{"@id":"https:\/\/laturo.at\/personalservice\/kontakt\/#primaryimage"},"image":{"@id":"https:\/\/laturo.at\/personalservice\/kontakt\/#primaryimage"},"thumbnailUrl":"https:\/\/laturo.at\/personalservice\/wp-content\/uploads\/sites\/2\/2023\/12\/laturo_office_braunau_e3.jpg","datePublished":"2023-08-28T07:25:45+00:00","dateModified":"2023-12-21T22:07:22+00:00","breadcrumb":{"@id":"https:\/\/laturo.at\/personalservice\/kontakt\/#breadcrumb"},"inLanguage":"de","potentialAction":[{"@type":"ReadAction","target":["https:\/\/laturo.at\/personalservice\/kontakt\/"]}]},{"@type":"ImageObject","inLanguage":"de","@id":"https:\/\/laturo.at\/personalservice\/kontakt\/#primaryimage","url":"https:\/\/laturo.at\/personalservice\/wp-content\/uploads\/sites\/2\/2023\/12\/laturo_office_braunau_e3.jpg","contentUrl":"https:\/\/laturo.at\/personalservice\/wp-content\/uploads\/sites\/2\/2023\/12\/laturo_office_braunau_e3.jpg","width":1656,"height":758,"caption":"Modernes, helles Gebäude mit großen Fenstern und dem Schriftzug „RDB“. Fußgänger an Ampel. Im Hintergrund weitere Gebäude und eine Baustelle. Abendlicher Himmel."},{"@type":"BreadcrumbList","@id":"https:\/\/laturo.at\/personalservice\/kontakt\/#breadcrumb","itemListElement":[{"@type":"ListItem","position":1,"name":"Home","item":"https:\/\/laturo.at\/personalservice\/"},{"@type":"ListItem","position":2,"name":"Kontakt"}]},{"@type":"WebSite","@id":"https:\/\/laturo.at\/personalservice\/#website","url":"https:\/\/laturo.at\/personalservice\/","name":"Laturo Personalservice","description":"","potentialAction":[{"@type":"SearchAction","target":{"@type":"EntryPoint","urlTemplate":"https:\/\/laturo.at\/personalservice\/?s={search_term_string}"},"query-input":{"@type":"PropertyValueSpecification","valueRequired":true,"valueName":"search_term_string"}}],"inLanguage":"de"}]}</script>
<!-- / Yoast SEO plugin. -->

Modernes, helles Gebäude mit großen Fenstern und dem Schriftzug „RDB“. Fußgänger an Ampel. Im Hintergrund weitere Gebäude und eine Baustelle. Abendlicher Himmel.
